{"id":9208,"date":"2024-02-20T14:45:13","date_gmt":"2024-02-20T14:45:13","guid":{"rendered":"https:\/\/lugplast.hr\/?page_id=9208"},"modified":"2024-03-18T18:07:20","modified_gmt":"2024-03-18T18:07:20","slug":"prateci-list-za-otpad","status":"publish","type":"page","link":"https:\/\/lugplast.hr\/index.php\/prateci-list-za-otpad\/","title":{"rendered":"Prate\u0107i list za otpad"},"content":{"rendered":"\n<h2 class=\"wp-block-heading has-x-large-font-size\">Prate\u0107i list za otpad<\/h2>\n\n\n\n<p>Usluge <strong>Lugplast d.o.o.<\/strong> mogu\u0107e je definirati u to\u010dno odre\u0111enim terminima prema Va\u0161im potrebama ili    po pozivu. Pri isporuci otpada du\u017eni ste voza\u010du predati popunjeni i ovjereni prate\u0107i list za otpad u            2 primjerka, jedan ovjereni primjerak povratno dobivate po\u0161tom.<\/p>\n\n\n\n<p><strong>Prate\u0107i list<\/strong> (Lugplast d.o.o. kao primatelj i prijevoznik otpada) preuzmite <a href=\"https:\/\/lugplast.hr\/wp-content\/uploads\/2024\/02\/PL-O-Primatelj-i-prijevoznik-LUGplast.docx\"><strong>ovdje<\/strong><\/a>.<\/p>\n\n\n\n<p><strong>Prate\u0107i list<\/strong> (Lugplast d.o.o. kao primatelj otpada) preuzmite <a href=\"https:\/\/lugplast.hr\/wp-content\/uploads\/2024\/02\/PL-O-Primatelj-LUGplast.docx\" data-type=\"link\" data-id=\"https:\/\/lugplast.hr\/wp-content\/uploads\/2024\/02\/UPUTE-ZA-ISPUNJAVANJE-PRATECEG-LISTA-ZA-OTPAD-15_9_2022.pdf\"><strong>ovdje<\/strong><\/a>.<\/p>\n\n\n\n<p><strong>Upute<\/strong> za popunjavanje prate\u0107eg lista za otpad preuzmite <a href=\"https:\/\/lugplast.hr\/wp-content\/uploads\/2024\/02\/UPUTE-ZA-ISPUNJAVANJE-PRATECEG-LISTA-ZA-OTPAD-15_9_2022.pdf\"><strong>ovdje<\/strong><\/a>.<\/p>\n","protected":false},"excerpt":{"rendered":"<p>Prate\u0107i list za otpad Usluge Lugplast d.o.o. mogu\u0107e je definirati u to\u010dno odre\u0111enim terminima prema Va\u0161im potrebama ili po pozivu. Pri isporuci otpada du\u017eni ste voza\u010du predati popunjeni i ovjereni prate\u0107i list za otpad u 2 primjerka, jedan ovjereni primjerak povratno dobivate po\u0161tom. Prate\u0107i list (Lugplast d.o.o. kao primatelj i prijevoznik otpada) preuzmite ovdje. Prate\u0107i [&hellip;]<\/p>\n","protected":false},"author":1,"featured_media":0,"parent":0,"menu_order":0,"comment_status":"closed","ping_status":"closed","template":"","meta":{"footnotes":""},"_links":{"self":[{"href":"https:\/\/lugplast.hr\/index.php\/wp-json\/wp\/v2\/pages\/9208"}],"collection":[{"href":"https:\/\/lugplast.hr\/index.php\/wp-json\/wp\/v2\/pages"}],"about":[{"href":"https:\/\/lugplast.hr\/index.php\/wp-json\/wp\/v2\/types\/page"}],"author":[{"embeddable":true,"href":"https:\/\/lugplast.hr\/index.php\/wp-json\/wp\/v2\/users\/1"}],"replies":[{"embeddable":true,"href":"https:\/\/lugplast.hr\/index.php\/wp-json\/wp\/v2\/comments?post=9208"}],"version-history":[{"count":9,"href":"https:\/\/lugplast.hr\/index.php\/wp-json\/wp\/v2\/pages\/9208\/revisions"}],"predecessor-version":[{"id":9267,"href":"https:\/\/lugplast.hr\/index.php\/wp-json\/wp\/v2\/pages\/9208\/revisions\/9267"}],"wp:attachment":[{"href":"https:\/\/lugplast.hr\/index.php\/wp-json\/wp\/v2\/media?parent=9208"}],"curies":[{"name":"wp","href":"https:\/\/api.w.org\/{rel}","templated":true}]}}