{"id":9420,"date":"2024-07-11T13:42:04","date_gmt":"2024-07-11T13:42:04","guid":{"rendered":"https:\/\/lugplast.hr\/?page_id=9420"},"modified":"2025-12-10T11:45:35","modified_gmt":"2025-12-10T11:45:35","slug":"karijere","status":"publish","type":"page","link":"https:\/\/lugplast.hr\/index.php\/karijere\/","title":{"rendered":"Karijere"},"content":{"rendered":"<p>[vc_row bg_type=&#8221;image&#8221; parallax_style=&#8221;vcpb-default&#8221; bg_image_new=&#8221;id^9404|url^https:\/\/lugplast.hr\/wp-content\/uploads\/2024\/06\/career-logo.png|caption^null|alt^null|title^career-logo|description^null&#8221; bg_override=&#8221;ex-full&#8221; enable_overlay=&#8221;enable_overlay_value&#8221; overlay_color=&#8221;rgba(25,25,25,0.45)&#8221; css=&#8221;.vc_custom_1720709967100{padding-top: 150px !important;padding-bottom: 100px !important;}&#8221;][vc_column 0=&#8221;&#8221;]<div class=\"ult-animation  ult-animate-viewport  ult-no-mobile \" data-animate=\"slideInUp\" data-animation-delay=\"0\" data-animation-duration=\"0.5\" data-animation-iteration=\"1\" style=\"opacity:0;\" data-opacity_start_effect=\"\">[vc_custom_heading text=&#8221;Karijere&#8221; font_container=&#8221;tag:h2|font_size:50px|text_align:center|color:%23ffffff|line_height:60px&#8221; use_theme_fonts=&#8221;yes&#8221; el_class=&#8221;adjust-pagetitle-mobile-size&#8221;]<\/div><div class=\"ult-animation  ult-animate-viewport  ult-no-mobile \" data-animate=\"slideInUp\" data-animation-delay=\"0.1\" data-animation-duration=\"0.5\" data-animation-iteration=\"1\" style=\"opacity:0;\" data-opacity_start_effect=\"\"><\/div><div class=\"ult-animation  ult-animate-viewport  ult-no-mobile \" data-animate=\"flash\" data-animation-delay=\"0.1\" data-animation-duration=\"0.5\" data-animation-iteration=\"1\" style=\"opacity:0;\" data-opacity_start_effect=\"\"><\/div>[\/vc_column][\/vc_row][vc_row el_id=&#8221;s-section&#8221; css=&#8221;.vc_custom_1472507956478{margin-top: 80px !important;margin-bottom: 60px !important;}&#8221;][vc_column][vc_custom_heading text=&#8221;Saznajte vi\u0161e o nama&#8221; font_container=&#8221;tag:h3|text_align:left&#8221; use_theme_fonts=&#8221;yes&#8221;][vc_empty_space height=&#8221;30px&#8221;]<div id=\"advanced-tabs-desc-wrap-4494\" class=\"ult_tabs \" style=\" \" data-tabsstyle=\"style2\"\n data-titlebg=\"#dedddd\" data-titlecolor=\"#555555\" data-fullheight=\"off\"\n data-titlehoverbg=\"#7dc771\" data-titlehovercolor=\"#ffffff\"\n data-rotatetabs=\"0\" data-responsivemode=\"Both\" data-animation=\"Slide\"\ndata-activetitle=\"#ffffff\" data-activeicon=\"\" data-activebg=\"#7dc771\"  data-respmode=\"Tabs\" data-respwidth=\"400\" data-scroll = \"on\" data-activeindex=\"1\"><ul id=advanced-tabs-wrap-2343 class=\"ult_tabmenu style2 \" style=\"color:transparent;border-bottom-color:transparent;border-bottom-width:0px;border-bottom-style:solid;border-bottom-width:0px;\"><li class=\"ult_tab_li   \" data-iconcolor=\"#74777b\" data-iconhover=\"#ffffff\" style=\"\">\n\t\t\t\t\t<a href=\"#d7d37737-1fb1-5\" id=\"d7d37737-1fb1-5\" style=\"color:#555555;background-color:#dedddd;border-top-left-radius:8px;;  \" class=\"ult_a \">\n\t\t\t\t\t   <span class=\"ult_tab_main  Both \">\n\t\t\t\t\t    <span class=\"ult_tab_section\">\n\t\t\t\t\t  \t\t<span  data-ultimate-target='#advanced-tabs-wrap-2343 .ult-span-text'  data-responsive-json-new='{\"font-size\":\"desktop:13px;\",\"line-height\":\"\"}'  class=\"ult-span-text ult-responsive\" style=\"font-family:Raleway;font-weight:700;\">TKO SMO MI<\/span>\n\t\t\t\t\t\t   \t<span class=\"aio-icon none ult_tab_iconright\" style=\"color:#74777b;font-size:15px;\">\n\t\t\t\t\t\t   \t<i class=\"   ult_tab_icon\"  ><\/i>\n\t\t\t\t\t\t   <\/span>\n\t\t\t\t\t\t<\/span>\n\t\t\t\t\t   <\/span>\n\n\t\t\t\t\t<\/a>\n\t\t\t\t\t<\/li><li class=\"ult_tab_li   \" data-iconcolor=\"#74777b\" data-iconhover=\"#ffffff\" style=\"\">\n\t\t\t\t\t<a href=\"#6b701957-9162-7\" id=\"6b701957-9162-7\" style=\"color:#555555;background-color:#dedddd;border-top-right-radius:8px;;  \" class=\"ult_a \">\n\t\t\t\t\t   <span class=\"ult_tab_main  Both \">\n\t\t\t\t\t    <span class=\"ult_tab_section\">\n\t\t\t\t\t  \t\t<span  data-ultimate-target='#advanced-tabs-wrap-2343 .ult-span-text'  data-responsive-json-new='{\"font-size\":\"desktop:13px;\",\"line-height\":\"\"}'  class=\"ult-span-text ult-responsive\" style=\"font-family:Raleway;font-weight:700;\">NA\u0160I CILJEVI<\/span>\n\t\t\t\t\t\t   \t<span class=\"aio-icon none ult_tab_iconright\" style=\"color:#74777b;font-size:15px;\">\n\t\t\t\t\t\t   \t<i class=\"   ult_tab_icon\"  ><\/i>\n\t\t\t\t\t\t   <\/span>\n\t\t\t\t\t\t<\/span>\n\t\t\t\t\t   <\/span>\n\n\t\t\t\t\t<\/a>\n\t\t\t\t\t<\/li><\/ul><div  data-ultimate-target='#advanced-tabs-desc-wrap-4494 .ult_tabcontent .ult_tab_min_contain  p'  data-responsive-json-new='{\"font-size\":\"\",\"line-height\":\"\"}' class=\"ult_tabcontent ult-responsive style2\" style=\"color:#74777b;\"><div class=\"ult_tab_min_contain \" >\n\t\t\t<div  class=\"ult_tabitemname\"  >\n\t\t\t\t[vc_column_text 0=&#8221;&#8221;]Tvrtka LUGplast d.o.o., sa sjedi\u0161tem na adresi Lug 55\/d, 47201 Dragani\u0107, se od 2015. godine bavi gospodarenjem neopasnim otpadom. Specijalizirani smo za zbrinjavanje neopasnog otpada na efikasan, ekolo\u0161ki osvije\u0161ten i odr\u017eiv na\u010din, posjedujemo suvremene objekte i infrastrukturu koja omogu\u0107uje u\u010dinkovito zbrinjavanje razli\u010ditih vrsta neopasnog otpada. Objekti su opremljeni najnovijom tehnologijom koja osigurava siguran, ekolo\u0161ki prihvatljiv i regulatorno uskla\u0111en tretman otpada. Pru\u017eamo \u0161irok spektar usluga u podru\u010dju zbrinjavanja neopasnog otpada, \u0161to uklju\u010duje prikupljanje, transport, razvrstavanje, recikliranje i sigurno odlaganje otpada prema najvi\u0161im standardima industrije. Uprava, te ljudi na rukovode\u0107im pozicijama su stru\u010dnjaci u gospodarenju otpadom s dugogodi\u0161njim iskustvom. Tvrtka zapo\u0161ljava preko 60 radnika te obra\u0111uje mjese\u010dno preko 1500 tona mije\u0161ane plastike. Uz industrijski otpad i sve ostale otpade, mjese\u010dno prikupimo i obradimo preko 2000 tona otpada. Dozvole za gospodarenje otpadom su nam izdane od strane Upravnog odjela za prostorno ure\u0111enje, gra\u0111enje i za\u0161titu okoli\u0161a Karlova\u010dke \u017eupanije. Uz visoki standard kvalitete usluga, isti\u010demo se kao pouzdan partner u upravljanju neopasnim otpadom, pru\u017eaju\u0107i klijentima sigurnost, pouzdanost i ekolo\u0161ku osvije\u0161tenost u svakom koraku procesa zbrinjavanja otpada, \u010demu svjedo\u010de na\u0161i brojni zadovoljni klijenti.[\/vc_column_text]\n\t\t\t<\/div>\n\t\t\t<div  class=\"ult_tabitemname\"  >\n\t\t\t\t[vc_row_inner 0=&#8221;&#8221;][vc_column_inner width=&#8221;2\/3&#8243;][vc_column_text 0=&#8221;&#8221;]Tvrtka LUGplast d.o.o. se pozicionira me\u0111u regionalne lidere u gospodarenju otpadom. Ciljevi tvrtke su pru\u017eanje visokokvalitetnih usluga zbrinjavanja neopasnog otpada svojim klijentima, \u0161to uklju\u010duje pouzdanost, brzinu i efikasnost u svakom koraku procesa zbrinjavanja otpada te pove\u0107anje volumena otpada koji se reciklira ili kompostira kako bi se smanjila koli\u010dina otpada koja zavr\u0161ava na odlagali\u0161tima. Te\u017eimo stalnom unapre\u0111enju i inovacijama u podru\u010dju upravljanja otpadom, te smanjenju negativnog utjecaja otpada na okoli\u0161.[\/vc_column_text][\/vc_column_inner][vc_column_inner width=&#8221;1\/3&#8243;][vc_single_image image=&#8221;9068&#8243; img_size=&#8221;full&#8221;][\/vc_column_inner][\/vc_row_inner]\n\t\t\t<\/div><\/div><\/div><\/div><div class=\"ult_acord advanced-tabs-desc-wrap-4494\">\n   <div class=\"ult-tabto-accordion \" style=\"width:;\"\n    data-titlecolor=\"#555555\"  data-titlebg=\"#dedddd\"\n     data-titlehoverbg=\"#7dc771\" data-titlehovercolor=\"#ffffff\" data-animation=\"Slide\"\n     data-activetitle=\"#ffffff\" data-activeicon=\"\" data-activebg=\"#7dc771\" data-scroll = \"on\" data-activeindex=\"1\" >\n     <dl><dt class=\"\">\n        \t<a class=\"ult-tabto-actitle withBorder ult_a\" id=\"d7d37737-1fb1-5\" style=\"color:#555555;;background-color:#dedddd;border-bottom-color:transparent;border-bottom-width:0px;border-bottom-style:solid;\" href=\"#d7d37737-1fb1-5\">\n        \t\t<i class=\"accordion-icon\">+<\/i>\n        \t\t\t<span class=\"ult_tab_main ult_ac_mainBoth\">\n\t\t\t\t\t   <span  data-ultimate-target='#advanced-tabs-wrap-2343 .ult-span-text'  data-responsive-json-new='{\"font-size\":\"desktop:13px;\",\"line-height\":\"\"}'  class=\"ult-span-text ult_acordian-text ult-responsive\" style=\"font-family:Raleway;font-weight:700;;color:inherit \" >TKO SMO MI<\/span>\n\t\t\t\t\t<\/span>\n\t\t\t\t\t   <div class=\"aio-icon none \" style=\"color:#74777b;font-size:15px;\" data-iconcolor=\"#74777b\" data-iconhover=\"#ffffff\">\n\t\t\t\t\t   <i class=\"    ult_tab_icon\"  ><\/i>\n\t\t\t\t\t   <\/div>\n\t\t\t\t\t<\/a><\/dt>\n            \t\t<dd class=\"ult-tabto-accordionItem ult-tabto-accolapsed\">\n\t\t\t            <div class=\"ult-tabto-acontent\" style=\"color:#74777b;\">\n\t\t\t               [vc_column_text 0=&#8221;&#8221;]Tvrtka LUGplast d.o.o., sa sjedi\u0161tem na adresi Lug 55\/d, 47201 Dragani\u0107, se od 2015. godine bavi gospodarenjem neopasnim otpadom. Specijalizirani smo za zbrinjavanje neopasnog otpada na efikasan, ekolo\u0161ki osvije\u0161ten i odr\u017eiv na\u010din, posjedujemo suvremene objekte i infrastrukturu koja omogu\u0107uje u\u010dinkovito zbrinjavanje razli\u010ditih vrsta neopasnog otpada. Objekti su opremljeni najnovijom tehnologijom koja osigurava siguran, ekolo\u0161ki prihvatljiv i regulatorno uskla\u0111en tretman otpada. Pru\u017eamo \u0161irok spektar usluga u podru\u010dju zbrinjavanja neopasnog otpada, \u0161to uklju\u010duje prikupljanje, transport, razvrstavanje, recikliranje i sigurno odlaganje otpada prema najvi\u0161im standardima industrije. Uprava, te ljudi na rukovode\u0107im pozicijama su stru\u010dnjaci u gospodarenju otpadom s dugogodi\u0161njim iskustvom. Tvrtka zapo\u0161ljava preko 60 radnika te obra\u0111uje mjese\u010dno preko 1500 tona mije\u0161ane plastike. Uz industrijski otpad i sve ostale otpade, mjese\u010dno prikupimo i obradimo preko 2000 tona otpada. Dozvole za gospodarenje otpadom su nam izdane od strane Upravnog odjela za prostorno ure\u0111enje, gra\u0111enje i za\u0161titu okoli\u0161a Karlova\u010dke \u017eupanije. Uz visoki standard kvalitete usluga, isti\u010demo se kao pouzdan partner u upravljanju neopasnim otpadom, pru\u017eaju\u0107i klijentima sigurnost, pouzdanost i ekolo\u0161ku osvije\u0161tenost u svakom koraku procesa zbrinjavanja otpada, \u010demu svjedo\u010de na\u0161i brojni zadovoljni klijenti.[\/vc_column_text]\n\t\t\t            <\/div>\n        \t<\/dd><dt class=\"\">\n        \t<a class=\"ult-tabto-actitle withBorder ult_a\" id=\"6b701957-9162-7\" style=\"color:#555555;;background-color:#dedddd;border-bottom-color:transparent;border-bottom-width:0px;border-bottom-style:solid;border-bottom-color:transparent;border-bottom-width:0px;border-bottom-style:solid;\" href=\"#6b701957-9162-7\">\n        \t\t<i class=\"accordion-icon\">+<\/i>\n        \t\t\t<span class=\"ult_tab_main ult_ac_mainBoth\">\n\t\t\t\t\t   <span  data-ultimate-target='#advanced-tabs-wrap-2343 .ult-span-text'  data-responsive-json-new='{\"font-size\":\"desktop:13px;\",\"line-height\":\"\"}'  class=\"ult-span-text ult_acordian-text ult-responsive\" style=\"font-family:Raleway;font-weight:700;;color:inherit \" >NA\u0160I CILJEVI<\/span>\n\t\t\t\t\t<\/span>\n\t\t\t\t\t   <div class=\"aio-icon none \" style=\"color:#74777b;font-size:15px;\" data-iconcolor=\"#74777b\" data-iconhover=\"#ffffff\">\n\t\t\t\t\t   <i class=\"    ult_tab_icon\"  ><\/i>\n\t\t\t\t\t   <\/div>\n\t\t\t\t\t<\/a><\/dt>\n            \t\t<dd class=\"ult-tabto-accordionItem ult-tabto-accolapsed\">\n\t\t\t            <div class=\"ult-tabto-acontent\" style=\"color:#74777b;\">\n\t\t\t               [vc_row_inner 0=&#8221;&#8221;][vc_column_inner width=&#8221;2\/3&#8243;][vc_column_text 0=&#8221;&#8221;]Tvrtka LUGplast d.o.o. se pozicionira me\u0111u regionalne lidere u gospodarenju otpadom. Ciljevi tvrtke su pru\u017eanje visokokvalitetnih usluga zbrinjavanja neopasnog otpada svojim klijentima, \u0161to uklju\u010duje pouzdanost, brzinu i efikasnost u svakom koraku procesa zbrinjavanja otpada te pove\u0107anje volumena otpada koji se reciklira ili kompostira kako bi se smanjila koli\u010dina otpada koja zavr\u0161ava na odlagali\u0161tima. Te\u017eimo stalnom unapre\u0111enju i inovacijama u podru\u010dju upravljanja otpadom, te smanjenju negativnog utjecaja otpada na okoli\u0161.[\/vc_column_text][\/vc_column_inner][vc_column_inner width=&#8221;1\/3&#8243;][vc_single_image image=&#8221;9068&#8243; img_size=&#8221;full&#8221;][\/vc_column_inner][\/vc_row_inner]\n\t\t\t            <\/div>\n        \t<\/dd>\n    \t<\/dl>\n    <!--<div class=\"extraborder\" style=\"background-color:#7dc771\"><\/div>-->\n<\/div>\n\n<\/div>[\/vc_column][\/vc_row][vc_section][vc_row][vc_column][vc_custom_heading text=&#8221;Otvorene pozicije&#8221; use_theme_fonts=&#8221;yes&#8221;][vc_raw_html]JTNDc3R5bGUlM0UlMEFhcnRpY2xlLmpvYi1jYXJkJTIwJTdCJTBBJTIwJTIwZGlzcGxheSUzQSUyMGdyaWQlM0IlMEElMjAlMjBncmlkLXRlbXBsYXRlLWNvbHVtbnMlM0ElMjA4MHB4JTIwYXV0byUyMDEwMHB4JTNCJTBBJTIwJTIwZ3JpZC10ZW1wbGF0ZS1yb3dzJTNBJTIwMzVweCUyMGF1dG8lM0IlMEElMjAlMjBwb3NpdGlvbiUzQSUyMHJlbGF0aXZlJTNCJTBBJTIwJTIwYm9yZGVyLXRvcCUzQSUyMDFweCUyMHNvbGlkJTIwJTIzZTNlM2UzJTNCJTBBJTIwJTIwYm9yZGVyLWJvdHRvbSUzQSUyMDFweCUyMHNvbGlkJTIwJTIzZTNlM2UzJTNCJTBBJTIwJTIwZm9udC1mYW1pbHklM0ElMjAlMjdIZWx2ZXRpY2ElMjclM0IlMEElMjAlMjBwYWRkaW5nJTNBJTIwMjRweCUzQiUwQSU3RCUwQSUwQWFydGljbGUuam9iLWNhcmQlM0Fob3ZlciUyQyUwQWFydGljbGUuam9iLWNhcmQlM0Fmb2N1cyUyMCU3QiUwQSUyMCUyMGJhY2tncm91bmQtY29sb3IlM0ElMjByZ2JhJTI4MTI1JTJDJTIwMTk5JTJDJTIwMTEzJTJDLjAzJTI5JTNCJTBBJTIwJTIwJTIwJTIwYm9yZGVyLWNvbG9yJTNBJTIwJTIzN2RjNzcxJTNCJTBBJTdEJTBBJTBBLmNvbXBhbnktbG9nby1pbWclMjAlN0IlMEElMjAlMjBncmlkLWFyZWElM0ElMjAxJTIwJTJGJTIwMSUyMCUyRiUyMDIlMjAlMkYlMjAyJTNCJTBBJTIwJTIwYmFja2dyb3VuZC1jb2xvciUzQSUyMCUyM2ZmZiUzQiUwQSUyMCUyMGJvcmRlciUzQSUyMDFweCUyMHNvbGlkJTIwJTIzZTNlM2UzJTNCJTBBJTIwJTIwaGVpZ2h0JTNBJTIwODBweCUzQiUwQSUyMCUyMHdpZHRoJTNBJTIwODBweCUzQiUwQSUyMCUyMGJveC1zaXppbmclM0ElMjBib3JkZXItYm94JTNCJTBBJTIwJTIwcG9zaXRpb24lM0ElMjByZWxhdGl2ZSUzQiUwQSUyMCUyMHBhZGRpbmclM0ElMjA1cHglM0IlMEElN0QlMEElMEEuY29tcGFueS1sb2dvLWltZyUyMGltZyUyMCU3QiUwQSUyMCUyMG1heC1oZWlnaHQlM0ElMjBjYWxjJTI4MTAwJTI1JTIwLSUyMDEwcHglMjklM0IlMEElMjAlMjBtYXgtd2lkdGglM0ElMjBjYWxjJTI4MTAwJTI1JTIwLSUyMDEwcHglMjklM0IlMEElMjAlMjBwb3NpdGlvbiUzQSUyMGFic29sdXRlJTNCJTBBJTIwJTIwdG9wJTNBJTIwNTAlMjUlM0IlMEElMjAlMjBsZWZ0JTNBJTIwNTAlMjUlM0IlMEElMjAlMjB0cmFuc2Zvcm0lM0ElMjB0cmFuc2xhdGUlMjgtNTAlMjUlMkMlMjAtNTAlMjUlMjklM0IlMEElN0QlMEElMEEuam9iLXRpdGxlJTIwJTdCJTBBJTIwJTIwZ3JpZC1hcmVhJTNBJTIwMSUyMCUyRiUyMDIlMjAlMkYlMjAyJTIwJTJGJTIwMyUzQiUwQSUyMCUyMGZvbnQtc2l6ZSUzQSUyMDE2cHglM0IlMEElMjAlMjBhbGlnbi1zZWxmJTNBJTIwc3RhcnQlM0IlMEElMjAlMjBmb250LXdlaWdodCUzQSUyMDUwMCUzQiUwQSUyMCUyMG1hcmdpbi10b3AlM0ElMjA1cHglM0IlMEElMjAlMjBwYWRkaW5nJTNBJTIwMCUyMDI0cHglM0IlMEElN0QlMEElMEEuY29tcGFueS1uYW1lJTIwJTdCJTBBJTIwJTIwZ3JpZC1hcmVhJTNBJTIwMiUyMCUyRiUyMDIlMjAlMkYlMjAzJTIwJTJGJTIwMyUzQiUwQSUyMCUyMGFsaWduLXNlbGYlM0ElMjBjZW50ZXIlM0IlMEElMjAlMjBmb250LXNpemUlM0ElMjAxNHB4JTNCJTBBJTIwJTIwY29sb3IlM0ElMjAlMjM3NzclM0IlMEElMjAlMjBtYXJnaW4tYm90dG9tJTNBJTIwNXB4JTNCJTBBJTIwJTIwcGFkZGluZyUzQSUyMDAlMjAyNHB4JTNCJTBBJTdEJTBBJTBBLnNraWxscy1jb250YWluZXIlMjAlN0IlMEElMjAlMjBncmlkLWFyZWElM0ElMjAzJTIwJTJGJTIwMiUyMCUyRiUyMDQlMjAlMkYlMjAzJTNCJTBBJTIwJTIwYWxpZ24tc2VsZiUzQSUyMGNlbnRlciUzQiUwQSUyMCUyMHBhZGRpbmctdG9wJTNBJTIwMTBweCUzQiUwQSUyMCUyMHBhZGRpbmclM0ElMjAwJTIwMjRweCUzQiUwQSU3RCUwQSUwQS5za2lsbCUyMCU3QiUwQSUyMCUyMGRpc3BsYXklM0ElMjBpbmxpbmUlM0IlMEElMjAlMjBjb2xvciUzQSUyMCUyMzdkYzc3MSUzQiUwQSUyMCUyMGJvcmRlci1yYWRpdXMlM0ElMjAycHglM0IlMEElMjAlMjBiYWNrZ3JvdW5kLWNvbG9yJTNBJTIwcmdiYSUyODEyNSUyQyUyMDE5OSUyQyUyMDExMyUyQy4wNSUyOSUzQiUwQSUyMCUyMGJvcmRlciUzQSUyMDFweCUyMHNvbGlkJTIwcmdiYSUyODEyNSUyQyUyMDE5OSUyQyUyMDExMyUyQy4xNSUyOSUzQiUwQSUyMCUyMHBhZGRpbmclM0ElMjA1cHglMjA4cHglM0IlMEElMjAlMjBmb250LXNpemUlM0ElMjAxMnB4JTNCJTBBJTdEJTBBJTBBLmpvYi1jYXJkJTIwYSUyMCU3QiUwQSUyMCUyMHBvc2l0aW9uJTNBJTIwYWJzb2x1dGUlM0IlMEElMjAlMjB3aWR0aCUzQSUyMDEwMCUyNSUzQiUwQSUyMCUyMGhlaWdodCUzQSUyMDEwMCUyNSUzQiUwQSUyMCUyMGxlZnQlM0ElMjAwJTNCJTBBJTIwJTIwdG9wJTNBJTIwMCUzQiUwQSUyMCUyMHotaW5kZXglM0ElMjAxJTNCJTBBJTdEJTBBJTBBLm1vYmlsZS13cmFwcGVyLWpvYiUyMCU3QiUwQSUyMCUyMG1hcmdpbi10b3AlM0ElMjA1MHB4JTNCJTBBbWFyZ2luLWJvdHRvbSUzQSUyMDUwcHglM0IlMEElN0QlMEElMEEubW9iaWxlLXdyYXBwZXItam9iJTIwYXJ0aWNsZSUyMCU3QiUwQSUyMCUyMGdyaWQtdGVtcGxhdGUtY29sdW1ucyUzQSUyMDYwcHglMjBhdXRvJTNCJTBBJTIwJTIwd2lkdGglM0ElMjBjYWxjJTI4MTAwJTI1JTIwLSUyMDMycHglMjklM0IlMEElMjAlMjBwYWRkaW5nJTNBJTIwMTZweCUzQiUwQSU3RCUwQSUwQS5tb2JpbGUtd3JhcHBlci1qb2IlMjAuY29tcGFueS1sb2dvLWltZyUyMCU3QiUwQSUyMCUyMGdyaWQtYXJlYSUzQSUyMDElMjAlMkYlMjAxJTIwJTJGJTIwMyUyMCUyRiUyMDIlM0IlMEElMjAlMjBoZWlnaHQlM0ElMjA2MHB4JTNCJTBBJTIwJTIwd2lkdGglM0ElMjA2MHB4JTNCJTBBJTdEJTBBJTBBLm1vYmlsZS13cmFwcGVyLWpvYiUyMC5qb2ItdGl0bGUlMjAlN0IlMEElMjAlMjBncmlkLWFyZWElM0ElMjAxJTIwJTJGJTIwMiUyMCUyRiUyMDIlMjAlMkYlMjAyJTNCJTBBJTIwJTIwcGFkZGluZyUzQSUyMDhweCUyMDE2cHglMjAwJTIwMTZweCUzQiUwQSU3RCUwQSUwQS5tb2JpbGUtd3JhcHBlci1qb2IlMjAuY29tcGFueS1uYW1lJTIwJTdCJTBBJTIwJTIwZ3JpZC1hcmVhJTNBJTIwMiUyMCUyRiUyMDIlMjAlMkYlMjAzJTIwJTJGJTIwMiUzQiUwQSUyMCUyMHBhZGRpbmclM0ElMjAwJTIwMTZweCUzQiUwQSU3RCUwQSUwQS5tb2JpbGUtd3JhcHBlci1qb2IlMjAuc2tpbGxzLWNvbnRhaW5lciUyMCU3QiUwQSUyMCUyMGdyaWQtYXJlYSUzQSUyMDMlMjAlMkYlMjAxJTIwJTJGJTIwNCUyMCUyRiUyMDMlM0IlMEElMjAlMjBwYWRkaW5nJTNBJTIwMTZweCUyMDAlM0IlMEElN0QlMEElMEEubW9iaWxlLXdyYXBwZXItam9iJTIwLmpvYi1idG4tY29udGFpbmVyJTIwJTdCJTBBJTIwJTIwZ3JpZC1hcmVhJTNBJTIwNCUyMCUyRiUyMDElMjAlMkYlMjA1JTIwJTJGJTIwMyUzQiUwQSUyMCUyMGRpc3BsYXklM0ElMjBmbGV4JTNCJTBBJTdEJTBBJTBBJTBBJTBBLm1vYmlsZS13cmFwcGVyLWpvYiUyMC5qb2ItYnRuLWNvbnRhaW5lciUyMC5hcHBseSUyMCU3QiUwQSUyMCUyMCUyMCUyMG1hcmdpbi1yaWdodCUzQSUyMDEwcHglM0IlMEElN0QlMEElMEElM0MlMkZzdHlsZSUzRSUwQSUwQSUwQSUzQ2RpdiUyMGNsYXNzJTNEJTIybW9iaWxlLXdyYXBwZXItam9iJTIyJTNFJTBBJTNDYXJ0aWNsZSUyMGNsYXNzJTNEJTIyam9iLWNhcmQlMjIlM0UlMEElMjAlMjAlM0NkaXYlMjBjbGFzcyUzRCUyMmNvbXBhbnktbG9nby1pbWclMjIlM0UlMEElMjAlMjAlMjAlMjAlM0NpbWclMjBzcmMlM0QlMjJodHRwcyUzQSUyRiUyRnMzLWFwLXNvdXRoZWFzdC0xLmFtYXpvbmF3cy5jb20lMkZocy51c2VyLWZpbGVzJTJGZW1wbG95ZXJfbG9nbyUyRjM0NiUyRnByaW1ldGVjaC10ZWNobm9sb2d5LnBuZyUyMiUyMCUyRiUzRSUwQSUyMCUyMCUzQyUyRmRpdiUzRSUwQSUyMCUyMCUzQ2RpdiUyMGNsYXNzJTNEJTIyam9iLXRpdGxlJTIyJTNFT3R2b3JlbmElMjBtb2xiYSUzQyUyRmRpdiUzRSUwQSUyMCUyMCUzQ2RpdiUyMGNsYXNzJTNEJTIyY29tcGFueS1uYW1lJTIyJTNFTHVncGxhc3QlM0MlMkZkaXYlM0UlMEElMjAlMjAlM0NkaXYlMjBjbGFzcyUzRCUyMmpvYi1idG4tY29udGFpbmVyJTIyJTNFJTNDJTJGZGl2JTNFJTBBJTIwJTIwJTIwJTIwJTNDZGl2JTIwY2xhc3MlM0QlMjJza2lsbHMtY29udGFpbmVyJTIyJTNFJTBBJTIwJTIwJTIwJTIwJTNDZGl2JTIwY2xhc3MlM0QlMjJza2lsbCUyMiUzRVBob3Rvc2hvcCUzQyUyRmRpdiUzRSUwQSUyMCUyMCUyMCUyMCUzQ2RpdiUyMGNsYXNzJTNEJTIyc2tpbGwlMjIlM0VJbGx1c3RyYXRvciUzQyUyRmRpdiUzRSUwQSUyMCUyMCUyMCUyMCUzQ2RpdiUyMGNsYXNzJTNEJTIyc2tpbGwlMjIlM0VIVE1MJTNDJTJGZGl2JTNFJTBBJTIwJTIwJTNDJTJGZGl2JTNFJTBBJTIwJTIwJTNDZGl2JTIwY2xhc3MlM0QlMjJqb2ItYnRuLWNvbnRhaW5lciUyMiUzRSUwQSUyMCUyMCUyMFBvJUM1JUExYWxqaXRlJTIwb3R2b3JlbnUlMjBtb2xidSUyMG5hJTIwaW5mbyU0MGx1Z3BsYXN0LmhyJTIwaWxpJTIwbmF6b3ZpdGUlMjAlMkIzODUlMjA5MSUyMDYwMzQlMjAyNTMlMEElMjAlMjAlM0MlMkZkaXYlM0UlMEElM0MlMkZhcnRpY2xlJTNFJTBBJTNDJTJGZGl2JTNF[\/vc_raw_html][\/vc_column][\/vc_row][\/vc_section]<\/p>\n","protected":false},"excerpt":{"rendered":"<p>[vc_row bg_type=&#8221;image&#8221; parallax_style=&#8221;vcpb-default&#8221; bg_image_new=&#8221;id^9404|url^https:\/\/lugplast.hr\/wp-content\/uploads\/2024\/06\/career-logo.png|caption^null|alt^null|title^career-logo|description^null&#8221; bg_override=&#8221;ex-full&#8221; enable_overlay=&#8221;enable_overlay_value&#8221; overlay_color=&#8221;rgba(25,25,25,0.45)&#8221; css=&#8221;.vc_custom_1720709967100{padding-top: 150px !important;padding-bottom: 100px !important;}&#8221;][vc_column 0=&#8221;&#8221;][\/vc_column][\/vc_row][vc_row el_id=&#8221;s-section&#8221; css=&#8221;.vc_custom_1472507956478{margin-top: 80px !important;margin-bottom: 60px !important;}&#8221;][vc_column][vc_custom_heading text=&#8221;Saznajte vi\u0161e o nama&#8221; font_container=&#8221;tag:h3|text_align:left&#8221; use_theme_fonts=&#8221;yes&#8221;][vc_empty_space height=&#8221;30px&#8221;][\/vc_column][\/vc_row][vc_section][vc_row][vc_column][vc_custom_heading text=&#8221;Otvorene pozicije&#8221; use_theme_fonts=&#8221;yes&#8221;][vc_raw_html]JTNDc3R5bGUlM0UlMEFhcnRpY2xlLmpvYi1jYXJkJTIwJTdCJTBBJTIwJTIwZGlzcGxheSUzQSUyMGdyaWQlM0IlMEElMjAlMjBncmlkLXRlbXBsYXRlLWNvbHVtbnMlM0ElMjA4MHB4JTIwYXV0byUyMDEwMHB4JTNCJTBBJTIwJTIwZ3JpZC10ZW1wbGF0ZS1yb3dzJTNBJTIwMzVweCUyMGF1dG8lM0IlMEElMjAlMjBwb3NpdGlvbiUzQSUyMHJlbGF0aXZlJTNCJTBBJTIwJTIwYm9yZGVyLXRvcCUzQSUyMDFweCUyMHNvbGlkJTIwJTIzZTNlM2UzJTNCJTBBJTIwJTIwYm9yZGVyLWJvdHRvbSUzQSUyMDFweCUyMHNvbGlkJTIwJTIzZTNlM2UzJTNCJTBBJTIwJTIwZm9udC1mYW1pbHklM0ElMjAlMjdIZWx2ZXRpY2ElMjclM0IlMEElMjAlMjBwYWRkaW5nJTNBJTIwMjRweCUzQiUwQSU3RCUwQSUwQWFydGljbGUuam9iLWNhcmQlM0Fob3ZlciUyQyUwQWFydGljbGUuam9iLWNhcmQlM0Fmb2N1cyUyMCU3QiUwQSUyMCUyMGJhY2tncm91bmQtY29sb3IlM0ElMjByZ2JhJTI4MTI1JTJDJTIwMTk5JTJDJTIwMTEzJTJDLjAzJTI5JTNCJTBBJTIwJTIwJTIwJTIwYm9yZGVyLWNvbG9yJTNBJTIwJTIzN2RjNzcxJTNCJTBBJTdEJTBBJTBBLmNvbXBhbnktbG9nby1pbWclMjAlN0IlMEElMjAlMjBncmlkLWFyZWElM0ElMjAxJTIwJTJGJTIwMSUyMCUyRiUyMDIlMjAlMkYlMjAyJTNCJTBBJTIwJTIwYmFja2dyb3VuZC1jb2xvciUzQSUyMCUyM2ZmZiUzQiUwQSUyMCUyMGJvcmRlciUzQSUyMDFweCUyMHNvbGlkJTIwJTIzZTNlM2UzJTNCJTBBJTIwJTIwaGVpZ2h0JTNBJTIwODBweCUzQiUwQSUyMCUyMHdpZHRoJTNBJTIwODBweCUzQiUwQSUyMCUyMGJveC1zaXppbmclM0ElMjBib3JkZXItYm94JTNCJTBBJTIwJTIwcG9zaXRpb24lM0ElMjByZWxhdGl2ZSUzQiUwQSUyMCUyMHBhZGRpbmclM0ElMjA1cHglM0IlMEElN0QlMEElMEEuY29tcGFueS1sb2dvLWltZyUyMGltZyUyMCU3QiUwQSUyMCUyMG1heC1oZWlnaHQlM0ElMjBjYWxjJTI4MTAwJTI1JTIwLSUyMDEwcHglMjklM0IlMEElMjAlMjBtYXgtd2lkdGglM0ElMjBjYWxjJTI4MTAwJTI1JTIwLSUyMDEwcHglMjklM0IlMEElMjAlMjBwb3NpdGlvbiUzQSUyMGFic29sdXRlJTNCJTBBJTIwJTIwdG9wJTNBJTIwNTAlMjUlM0IlMEElMjAlMjBsZWZ0JTNBJTIwNTAlMjUlM0IlMEElMjAlMjB0cmFuc2Zvcm0lM0ElMjB0cmFuc2xhdGUlMjgtNTAlMjUlMkMlMjAtNTAlMjUlMjklM0IlMEElN0QlMEElMEEuam9iLXRpdGxlJTIwJTdCJTBBJTIwJTIwZ3JpZC1hcmVhJTNBJTIwMSUyMCUyRiUyMDIlMjAlMkYlMjAyJTIwJTJGJTIwMyUzQiUwQSUyMCUyMGZvbnQtc2l6ZSUzQSUyMDE2cHglM0IlMEElMjAlMjBhbGlnbi1zZWxmJTNBJTIwc3RhcnQlM0IlMEElMjAlMjBmb250LXdlaWdodCUzQSUyMDUwMCUzQiUwQSUyMCUyMG1hcmdpbi10b3AlM0ElMjA1cHglM0IlMEElMjAlMjBwYWRkaW5nJTNBJTIwMCUyMDI0cHglM0IlMEElN0QlMEElMEEuY29tcGFueS1uYW1lJTIwJTdCJTBBJTIwJTIwZ3JpZC1hcmVhJTNBJTIwMiUyMCUyRiUyMDIlMjAlMkYlMjAzJTIwJTJGJTIwMyUzQiUwQSUyMCUyMGFsaWduLXNlbGYlM0ElMjBjZW50ZXIlM0IlMEElMjAlMjBmb250LXNpemUlM0ElMjAxNHB4JTNCJTBBJTIwJTIwY29sb3IlM0ElMjAlMjM3NzclM0IlMEElMjAlMjBtYXJnaW4tYm90dG9tJTNBJTIwNXB4JTNCJTBBJTIwJTIwcGFkZGluZyUzQSUyMDAlMjAyNHB4JTNCJTBBJTdEJTBBJTBBLnNraWxscy1jb250YWluZXIlMjAlN0IlMEElMjAlMjBncmlkLWFyZWElM0ElMjAzJTIwJTJGJTIwMiUyMCUyRiUyMDQlMjAlMkYlMjAzJTNCJTBBJTIwJTIwYWxpZ24tc2VsZiUzQSUyMGNlbnRlciUzQiUwQSUyMCUyMHBhZGRpbmctdG9wJTNBJTIwMTBweCUzQiUwQSUyMCUyMHBhZGRpbmclM0ElMjAwJTIwMjRweCUzQiUwQSU3RCUwQSUwQS5za2lsbCUyMCU3QiUwQSUyMCUyMGRpc3BsYXklM0ElMjBpbmxpbmUlM0IlMEElMjAlMjBjb2xvciUzQSUyMCUyMzdkYzc3MSUzQiUwQSUyMCUyMGJvcmRlci1yYWRpdXMlM0ElMjAycHglM0IlMEElMjAlMjBiYWNrZ3JvdW5kLWNvbG9yJTNBJTIwcmdiYSUyODEyNSUyQyUyMDE5OSUyQyUyMDExMyUyQy4wNSUyOSUzQiUwQSUyMCUyMGJvcmRlciUzQSUyMDFweCUyMHNvbGlkJTIwcmdiYSUyODEyNSUyQyUyMDE5OSUyQyUyMDExMyUyQy4xNSUyOSUzQiUwQSUyMCUyMHBhZGRpbmclM0ElMjA1cHglMjA4cHglM0IlMEElMjAlMjBmb250LXNpemUlM0ElMjAxMnB4JTNCJTBBJTdEJTBBJTBBLmpvYi1jYXJkJTIwYSUyMCU3QiUwQSUyMCUyMHBvc2l0aW9uJTNBJTIwYWJzb2x1dGUlM0IlMEElMjAlMjB3aWR0aCUzQSUyMDEwMCUyNSUzQiUwQSUyMCUyMGhlaWdodCUzQSUyMDEwMCUyNSUzQiUwQSUyMCUyMGxlZnQlM0ElMjAwJTNCJTBBJTIwJTIwdG9wJTNBJTIwMCUzQiUwQSUyMCUyMHotaW5kZXglM0ElMjAxJTNCJTBBJTdEJTBBJTBBLm1vYmlsZS13cmFwcGVyLWpvYiUyMCU3QiUwQSUyMCUyMG1hcmdpbi10b3AlM0ElMjA1MHB4JTNCJTBBbWFyZ2luLWJvdHRvbSUzQSUyMDUwcHglM0IlMEElN0QlMEElMEEubW9iaWxlLXdyYXBwZXItam9iJTIwYXJ0aWNsZSUyMCU3QiUwQSUyMCUyMGdyaWQtdGVtcGxhdGUtY29sdW1ucyUzQSUyMDYwcHglMjBhdXRvJTNCJTBBJTIwJTIwd2lkdGglM0ElMjBjYWxjJTI4MTAwJTI1JTIwLSUyMDMycHglMjklM0IlMEElMjAlMjBwYWRkaW5nJTNBJTIwMTZweCUzQiUwQSU3RCUwQSUwQS5tb2JpbGUtd3JhcHBlci1qb2IlMjAuY29tcGFueS1sb2dvLWltZyUyMCU3QiUwQSUyMCUyMGdyaWQtYXJlYSUzQSUyMDElMjAlMkYlMjAxJTIwJTJGJTIwMyUyMCUyRiUyMDIlM0IlMEElMjAlMjBoZWlnaHQlM0ElMjA2MHB4JTNCJTBBJTIwJTIwd2lkdGglM0ElMjA2MHB4JTNCJTBBJTdEJTBBJTBBLm1vYmlsZS13cmFwcGVyLWpvYiUyMC5qb2ItdGl0bGUlMjAlN0IlMEElMjAlMjBncmlkLWFyZWElM0ElMjAxJTIwJTJGJTIwMiUyMCUyRiUyMDIlMjAlMkYlMjAyJTNCJTBBJTIwJTIwcGFkZGluZyUzQSUyMDhweCUyMDE2cHglMjAwJTIwMTZweCUzQiUwQSU3RCUwQSUwQS5tb2JpbGUtd3JhcHBlci1qb2IlMjAuY29tcGFueS1uYW1lJTIwJTdCJTBBJTIwJTIwZ3JpZC1hcmVhJTNBJTIwMiUyMCUyRiUyMDIlMjAlMkYlMjAzJTIwJTJGJTIwMiUzQiUwQSUyMCUyMHBhZGRpbmclM0ElMjAwJTIwMTZweCUzQiUwQSU3RCUwQSUwQS5tb2JpbGUtd3JhcHBlci1qb2IlMjAuc2tpbGxzLWNvbnRhaW5lciUyMCU3QiUwQSUyMCUyMGdyaWQtYXJlYSUzQSUyMDMlMjAlMkYlMjAxJTIwJTJGJTIwNCUyMCUyRiUyMDMlM0IlMEElMjAlMjBwYWRkaW5nJTNBJTIwMTZweCUyMDAlM0IlMEElN0QlMEElMEEubW9iaWxlLXdyYXBwZXItam9iJTIwLmpvYi1idG4tY29udGFpbmVyJTIwJTdCJTBBJTIwJTIwZ3JpZC1hcmVhJTNBJTIwNCUyMCUyRiUyMDElMjAlMkYlMjA1JTIwJTJGJTIwMyUzQiUwQSUyMCUyMGRpc3BsYXklM0ElMjBmbGV4JTNCJTBBJTdEJTBBJTBBJTBBJTBBLm1vYmlsZS13cmFwcGVyLWpvYiUyMC5qb2ItYnRuLWNvbnRhaW5lciUyMC5hcHBseSUyMCU3QiUwQSUyMCUyMCUyMCUyMG1hcmdpbi1yaWdodCUzQSUyMDEwcHglM0IlMEElN0QlMEElMEElM0MlMkZzdHlsZSUzRSUwQSUwQSUwQSUzQ2RpdiUyMGNsYXNzJTNEJTIybW9iaWxlLXdyYXBwZXItam9iJTIyJTNFJTBBJTNDYXJ0aWNsZSUyMGNsYXNzJTNEJTIyam9iLWNhcmQlMjIlM0UlMEElMjAlMjAlM0NkaXYlMjBjbGFzcyUzRCUyMmNvbXBhbnktbG9nby1pbWclMjIlM0UlMEElMjAlMjAlMjAlMjAlM0NpbWclMjBzcmMlM0QlMjJodHRwcyUzQSUyRiUyRnMzLWFwLXNvdXRoZWFzdC0xLmFtYXpvbmF3cy5jb20lMkZocy51c2VyLWZpbGVzJTJGZW1wbG95ZXJfbG9nbyUyRjM0NiUyRnByaW1ldGVjaC10ZWNobm9sb2d5LnBuZyUyMiUyMCUyRiUzRSUwQSUyMCUyMCUzQyUyRmRpdiUzRSUwQSUyMCUyMCUzQ2RpdiUyMGNsYXNzJTNEJTIyam9iLXRpdGxlJTIyJTNFT3R2b3JlbmElMjBtb2xiYSUzQyUyRmRpdiUzRSUwQSUyMCUyMCUzQ2RpdiUyMGNsYXNzJTNEJTIyY29tcGFueS1uYW1lJTIyJTNFTHVncGxhc3QlM0MlMkZkaXYlM0UlMEElMjAlMjAlM0NkaXYlMjBjbGFzcyUzRCUyMmpvYi1idG4tY29udGFpbmVyJTIyJTNFJTNDJTJGZGl2JTNFJTBBJTIwJTIwJTIwJTIwJTNDZGl2JTIwY2xhc3MlM0QlMjJza2lsbHMtY29udGFpbmVyJTIyJTNFJTBBJTIwJTIwJTIwJTIwJTNDZGl2JTIwY2xhc3MlM0QlMjJza2lsbCUyMiUzRVBob3Rvc2hvcCUzQyUyRmRpdiUzRSUwQSUyMCUyMCUyMCUyMCUzQ2RpdiUyMGNsYXNzJTNEJTIyc2tpbGwlMjIlM0VJbGx1c3RyYXRvciUzQyUyRmRpdiUzRSUwQSUyMCUyMCUyMCUyMCUzQ2RpdiUyMGNsYXNzJTNEJTIyc2tpbGwlMjIlM0VIVE1MJTNDJTJGZGl2JTNFJTBBJTIwJTIwJTNDJTJGZGl2JTNFJTBBJTIwJTIwJTNDZGl2JTIwY2xhc3MlM0QlMjJqb2ItYnRuLWNvbnRhaW5lciUyMiUzRSUwQSUyMCUyMCUyMFBvJUM1JUExYWxqaXRlJTIwb3R2b3JlbnUlMjBtb2xidSUyMG5hJTIwaW5mbyU0MGx1Z3BsYXN0LmhyJTIwaWxpJTIwbmF6b3ZpdGUlMjAlMkIzODUlMjA5MSUyMDYwMzQlMjAyNTMlMEElMjAlMjAlM0MlMkZkaXYlM0UlMEElM0MlMkZhcnRpY2xlJTNFJTBBJTNDJTJGZGl2JTNF[\/vc_raw_html][\/vc_column][\/vc_row][\/vc_section]<\/p>\n","protected":false},"author":1,"featured_media":0,"parent":0,"menu_order":0,"comment_status":"closed","ping_status":"closed","template":"page.php","meta":{"footnotes":""},"_links":{"self":[{"href":"https:\/\/lugplast.hr\/index.php\/wp-json\/wp\/v2\/pages\/9420"}],"collection":[{"href":"https:\/\/lugplast.hr\/index.php\/wp-json\/wp\/v2\/pages"}],"about":[{"href":"https:\/\/lugplast.hr\/index.php\/wp-json\/wp\/v2\/types\/page"}],"author":[{"embeddable":true,"href":"https:\/\/lugplast.hr\/index.php\/wp-json\/wp\/v2\/users\/1"}],"replies":[{"embeddable":true,"href":"https:\/\/lugplast.hr\/index.php\/wp-json\/wp\/v2\/comments?post=9420"}],"version-history":[{"count":23,"href":"https:\/\/lugplast.hr\/index.php\/wp-json\/wp\/v2\/pages\/9420\/revisions"}],"predecessor-version":[{"id":9451,"href":"https:\/\/lugplast.hr\/index.php\/wp-json\/wp\/v2\/pages\/9420\/revisions\/9451"}],"wp:attachment":[{"href":"https:\/\/lugplast.hr\/index.php\/wp-json\/wp\/v2\/media?parent=9420"}],"curies":[{"name":"wp","href":"https:\/\/api.w.org\/{rel}","templated":true}]}}